e c(10). Suppose 0*r - 2*r + t = 0. List the prime factors of r.
47
Let w(d) = -d**2 + 36*d - 3. Suppose 2*l - 68 = -l + 5*v, 6 = 3*v. What are the prime factors of w(l)?
257
Let v = -727 + 979. List the prime factors of v.
2, 3, 7
Let o be -2*5/(-3)*-3. Let q(l) = l + 14. Let c be q(o). Suppose n - 13 = 4*u, 139 = c*n - 5*u + 32. What are the prime factors of n?
3, 11
Suppose -3*a = -n - 1970, 5*a - 3265 = -11*n + 9*n. List the prime factors of a.
5, 131
Let l(i) = i**3 + 5*i**2 - 5. Suppose -2*f = -0*f - 4*n + 16, -5*n + 22 = -3*f. Let h be l(f). List the prime factors of (-2)/h + 2190/66.
3, 11
Let u(q) = 6*q**2 - q + 1. Let r(z) = 2*z**2 + 7*z - 2. Let g be -4 + 1 - (-1)/(-1). Let j be r(g). What are the prime factors of u(j)?
23
Suppose -5*n - 3*h + 12 = -6*h, 3*h - 12 = -3*n. Suppose a - 2*f - 114 = 0, -n*a - f = 2*f - 360. List the prime factors of a.
2, 59
Suppose -22*f - 321 = -19*f. Let j = 42 - f. What are the prime factors of j?
149
What are the prime factors of (-5572)/(-2) + 2 - 240/(-40)?
2, 11, 127
Let v(j) = j**3 + 25*j**2 + 47*j + 28. Let b be v(-23). Suppose b*n + 43 - 853 = 0. What are the prime factors of n?
2, 3
Let m(q) = 3*q**2 + 16*q - 31. Let g be m(12). Suppose -2*x + 2*i - 3*i + g = 0, 877 = 3*x + 4*i. What are the prime factors of x?
13, 23
Suppose -3*k + 319 = -98. Let q = -98 + k. What are the prime factors of q?
41
Let k(m) = -m**3 - 3*m**2 + 6*m + 6. Let g be k(-4). Let q(c) = -13*c**3 - 2*c**2 - c. List the prime factors of q(g).
2, 7
Let w(g) = 21*g + 21. Let z(b) = 1 - b - 2*b + 6*b - 4*b. Let x(j) = -w(j) + 21*z(j). What are the prime factors of x(-1)?
2, 3, 7
Let u = 319 - 82. Suppose -6*w + 987 = -u. List the prime factors of w.
2, 3, 17
Let u be (-34)/(-4) - (-18)/(-60)*-5. Let p(y) = y**2 + 4*y + 1. List the prime factors of p(u).
3, 47
Let v be 10/(-55) + ((-35)/(-11) - 1). Suppose -2*p - 2*s + 84 = v*p, -s + 63 = 3*p. List the prime factors of p.
3, 7
Let u(x) = -5*x. Suppose 0*k - 3*k = 3. Let b be u(k). Suppose b*n - 3*d + 116 - 316 = 0, 0 = -n - 4*d + 40. List the prime factors of n.
2, 5
Suppose 14*i = 5008 + 15334. List the prime factors of i.
1453
Let x(m) be the first derivative of -4 - 2*m**2 + 3 - 12*m - 3. What are the prime factors of x(-8)?
2, 5
Suppose 1657 = 4*a - 2691. Suppose 6*q = -199 + a. What are the prime factors of q?
2, 37
Let b(s) = -s**3 - 2*s**2 + 3*s + 3. Let x(z) = -z - 12. Let h be x(-8). List the prime factors of b(h).
23
Let q(k) = 747*k**2 - 18*k + 18. List the prime factors of q(1).
3, 83
Suppose 149 = 4*s - 5*l, -6 - 67 = -3*s - 4*l. Suppose s = 4*r - 3*r. What are the prime factors of r?
31
Suppose -25*q + 21*q = -608. Suppose -3*b + c = 2*c - 142, 4*c = 3*b - q. List the prime factors of b.
2, 3
Let a = 51 - 73. Let w = 6 - a. List the prime factors of w.
2, 7
Let c(d) be the first derivative of 2*d**2 - 10*d - 4. Let g be c(6). What are the prime factors of 458/g - 10/(-35)?
3, 11
Let i = -11 + 14. Suppose -i - 1 = -r. Suppose -r*n = 3*l - 41, -12 = -3*n + 4*l - 0*l. What are the prime factors of n?
2
Let t = -1550 - -2630. What are the prime factors of t?
2, 3, 5
Let k = 4127 + -367. What are the prime factors of k?
2, 5, 47
Suppose x - 532 = -91. Let w = x + -211. What are the prime factors of w?
2, 5, 23
Let d(n) be the second derivative of -n**4/12 - 8*n**3/3 + n**2 - 3*n. Let c(q) = -q + 1. Let b(k) = -6*c(k) + d(k). List the prime factors of b(-8).
2, 3
Let d(q) be the first derivative of -q**4/4 - 17*q**3/3 + 8*q**2 - 10*q + 19. Let s = 20 - 38. List the prime factors of d(s).
2, 13
Suppose -w = j - 1, j + 77*w - 73*w + 2 = 0. Let p(c) = 9*c + 1. Let g be p(1). Let r = g + j. What are the prime factors of r?
2, 3
Let s = 64 + -13. Suppose -2*o - s = 5*p, -5*o + 0*o = 15. Let q = p + 73. List the prime factors of q.
2
Suppose -24*i = -21*i + 429. Let n be (-6)/10 - i/55. What are the prime factors of 44 - -3 - n - 1?
2, 11
Let x(v) = -2*v**2 + 16*v + 5. Let a(d) = 2*d**2 - 16*d - 4. Let t(g) = -6*a(g) - 5*x(g). Let k be t(7). Suppose -31 = k*j - 14*j. List the prime factors of j.
31
Let a(l) = -l**3 - l**2 + 4*l + 3. Let g be a(-3). Let b = -48 - -101. Let o = b + g. List the prime factors of o.
2, 31
Let w be (-2 - -2)*4/12. Suppose -13*z + 256 + 589 = w. List the prime factors of z.
5, 13
Suppose 30*l + 5162 - 19412 = 0. List the prime factors of l.
5, 19
List the prime factors of (((-4)/(-14))/(-1))/((-134)/822157).
1753
Let o(g) be the second derivative of g**4/6 + 7*g**3/6 - 4*g**2 + 7*g. List the prime factors of o(-8).
2
Let l = -2125 - -4212. What are the prime factors of l?
2087
Suppose -4*s + 11891 = -8*k + 9*k, 2*k = -10. List the prime factors of s.
2, 1487
Suppose -35597 = -19*l - 12056. What are the prime factors of l?
3, 7, 59
Let g be -11 - -17 - 2*1. Suppose g*l + 0*l = 8. Suppose -l*d + 0*d = -42. What are the prime factors of d?
3, 7
Let w(p) = p**2 - 9*p + 10. Let b be w(13). Let v = 112 - b. List the prime factors of v.
2, 5
Let f = 15 + -13. List the prime factors of 3/(-6)*f*-16.
2
Suppose -2*g + 5*n + 5 = -3, -3*g + 4*n + 12 = 0. Suppose g*z = -0*z - 696. List the prime factors of ((-34)/51)/(2/z).
2, 29
Suppose -3515 = -4*o + p, -2*o + 794 = 2*p - 976. What are the prime factors of o?
2, 5, 11
Suppose 42 + 10 = 4*o. Let w = o - 21. Let v = w + 11. What are the prime factors of v?
3
Let u(b) = -328*b - 80. What are the prime factors of u(-3)?
2, 113
List the prime factors of (3/4)/((-59)/(-140892)).
3, 199
Let g = 145 - 234. Let n = g + 165. List the prime factors of n.
2, 19
List the prime factors of (4 - 21/6)*(5 - -529).
3, 89
Suppose -27*u + 711 = -24*u. What are the prime factors of u?
3, 79
Let s = 3 - -3. Suppose -5*g = 3*z - 23, -2*z + 2*g + 0*g - s = 0. What are the prime factors of 21 - 2/(z - 3)?
2, 11
Let q(n) = n**3 - n**2 + n - 6. Let v be q(3). Let p = -11 + v. What are the prime factors of ((-6)/p)/((-4)/40)?
3, 5
Let d = -98 - -135. What are the prime factors of d?
37
Let r(q) = q - 1. Let w be r(6). Suppose -4*d + 42 = 5*o - 49, 0 = -w*d + o + 121. What are the prime factors of 3*-4*(-92)/d?
2, 23
Let u = 1006 - 415. What are the prime factors of u?
3, 197
Let f be 70/18 + (-17)/(-153). Suppose f*b - 10*b = -1140. What are the prime factors of b?
2, 5, 19
Let j(c) = c**2 - 5*c. Let w(h) = h**2 - 11*h - 36. Let i be w(14). List the prime factors of j(i).
2, 3
Let o(z) = -z**3 + 11*z**2 - 16*z + 3. Suppose 0 = -2*a - 4*a + 42. What are the prime factors of o(a)?
3, 29
Let q = 196 - 94. Suppose q = 4*v - v. List the prime factors of v.
2, 17
Suppose 2*v - 4*v = 2*m - 3940, 15 = 3*m. List the prime factors of v.
3, 5, 131
Suppose -2*z + 2769 = 5*a, -5*z = -13*a + 12*a - 6855. What are the prime factors of z?
2, 7
Let d(f) = -f**2 - 19*f + 3. Let i be d(-19). Suppose 56 = 7*m - i*m. What are the prime factors of m?
2, 7
Let i be 2/4*(6 - (-10 + 6)). What are the prime factors of ((-2)/(2/i))/(2/(-58))?
5, 29
Suppose f - 3*j = -2*j + 911, 5*j - 1829 = -2*f. What are the prime factors of f?
2, 3, 19
What are the prime factors of (-866128)/(-176) - ((-48)/(-22) + -2)?
7, 19, 37
Let a(x) = 9*x + 1 + 14*x + 0. Let d be a(1). Suppose 6 = -3*m + d. List the prime factors of m.
2, 3
Let p = 700 - 196. List the prime factors of p.
2, 3, 7
Suppose 0*m = -m. Let i(z) = z**3 + 12*z**2 - 14*z - 11. Let r be i(-13). Suppose r*t + 5*y - 32 = m, -3*t + 101 = -y + 36. List the prime factors of t.
3, 7
Let t(u) be the third derivative of -u**4/24 + 14*u**3/3 - 10*u**2. What are the prime factors of t(-10)?
2, 19
Suppose -8*y = -5*y - 9. Suppose -y*t = -10*t + 518. What are the prime factors of t?
2, 37
Let l = -335 - -803. List the prime factors of l.
2, 3, 13
Let c(w) = 262*w - 24. What are the prime factors of c(3)?
2, 3, 127
Suppose 1590 = 12*m - 7*m. Suppose -35*j = -41*j + m. What are the prime factors of j?
53
Let j = -47 - 1. List the prime factors of 3 - 6 - j/1.
3, 5
Suppose -87 - 133 = -10*s. What are the prime factors of (-3)/(-2) + 1903/s?
2, 11
Suppose 1116 = 5*g + 4*x - 508, 4*x = 5*g - 1656. What are the prime factors of g?
2, 41
Suppose -z + 2*v - 3 = 0, -3*z = -4*v + v + 12. Let p(a) = 11*a**2 - 3*a - 16. List the prime factors of p(z).
2, 137
Let q be (312/9)/(6/477). List the prime factors of q/30 - (-10)/75.
2, 23
S